 v = -7 - -6. Let h(r) = -r**3 + r**2 + 1. Let c(s) = s**3 - 7*s**2 - 2. Let d(t) = v*c(t) - 2*h(t). Determine d(-5).
0
Let w(a) = 6*a**2 + 31*a - 6. Let g(v) = v**2 + 6*v - 1. Let f(j) = 11*g(j) - 2*w(j). What is f(6)?
-11
Let l(t) = -1 + 10 + 2*t - 9 + 1. Give l(-4).
-7
Let u(g) = 3*g - 20. Let d(o) = -o + 7. Let r(s) = 8*d(s) + 3*u(s). Give r(6).
2
Let a(p) = -4*p**3 + p**2 + 1. Suppose k + 2 = -i - 3*i, -4*k + 3*i = -11. Determine a(k).
-27
Let n(y) = 9*y**3 - 3*y**2 - 7*y - 15. Let r(t) = -4*t**3 + 2*t**2 + 3*t + 7. Let u(p) = 3*n(p) + 7*r(p). Let a be (-5)/(0 + 0 + -1). Give u(a).
4
Let q be 2 - (4/1 + -3). Let x(n) = 1 - q - 1 + 0 - n**2. Calculate x(-1).
-2
Let r(u) be the first derivative of -u**2/2 + 4*u + 2. Suppose -b - 4*f = -2*b + 8, 5*b + f + 23 = 0. Calculate r(b).
8
Let b(v) = -v**2 + 11*v - 1. Let a(u) = u**2 - 10*u - 5. Let m(g) = g**2 - 10*g - 4. Let w(k) = 5*a(k) - 6*m(k). Let f(o) = -5*b(o) + 6*w(o). Give f(5).
-1
Let r(p) = 7*p**3 + 3*p**2 - 4*p. Suppose 11 = 5*y + 36. Let b(z) = 6*z**3 + 2*z**2 - 4*z + 1. Let v(u) = y*r(u) + 6*b(u). What is v(4)?
6
Let g(z) be the first derivative of -z**3/3 + z**2 + 7*z + 1. Calculate g(5).
-8
Let l(h) = -h + 8. Let g be l(7). Let b(y) be the first derivative of -y + g - 1/2*y**2. What is b(-5)?
4
Let i(l) be the third derivative of -l**4/8 - l**3 + 15*l**2. Determine i(-4).
6
Let l(s) be the first derivative of 0*s**2 - 2*s**2 + 5*s + s**2 - 3 + 0. Give l(4).
-3
Let c(b) = 5*b**3 - b**2. Suppose -a = -3 - 2. Let m be 2/(1 + (-3 - -3)). Suppose m*l + t - 1 = 0, 3 + 7 = a*l + 5*t. Give c(l).
-6
Let c(s) = s**2 + 4*s + 1. Let m(t) = t - 1. Let h(b) = b**2 + 16*b + 6. Let v(z) = h(z) - 6*m(z). Let f be v(-8). Give c(f).
1
Let g(c) = 3*c**2. Let l be (-42)/(-14) + 1/(-1). Determine g(l).
12
Let b(u) be the third derivative of u**4/24 + u**3/2 - 21*u**2. Suppose 5*h = -3*g, -4*h = 5*g - 4*g. Calculate b(h).
3
Suppose 0 = w - 0 - 1. Let t(s) = -s**2 + 3*s - 5. Let o(q) = 6*q**2 + q - 5 + 3 - 7*q**2. Let l(a) = 5*o(a) - 2*t(a). Determine l(w).
-4
Suppose 18 = 2*m - 3*m + 5*z, -5*m - 3*z + 22 = 0. Let f = m - -1. Let s(g) = -g**2 + 3*g + 1. Calculate s(f).
1
Let s(f) = -2*f**3 - 4*f**2 - f - 3. Let i be (2/(-4))/((-1)/(-44)). Let q(u) = -7*u**3 - 15*u**2 - 4*u - 11. Let h(m) = i*s(m) + 6*q(m). Determine h(2).
4
Let a(y) = -2*y**3 - y - 9. Let j be a(0). Let k(s) = -2*s - 12. What is k(j)?
6
Let b = -16 - -21. Suppose -12 = q - 3*k, 0*k + 3 = -b*q - 4*k. Let r(d) = 2*d**2 + 2*d - 1. What is r(q)?
11
Suppose -4*o = -2*o + 26. Let j = -9 - o. Let t(a) = 95 - 50 - a**3 + 3*a**2 + 4*a - 50. Calculate t(j).
-5
Let t(v) = v**2 - 4*v + 4. Let q be t(3). Let k(r) = r - 2*r - r. Determine k(q).
-2
Let k be (1 - 0) + 0 + 1. Let n(z) = 3*z + 2*z - k - 3*z**2 + 5*z**2 - z**3 - z**2. What is n(3)?
-5
Let m(r) = r + 2 + 0*r - 2*r - 3. Give m(-3).
2
Let t(v) = v**3 + 7*v**2 - 6*v + 10. Let b be t(-8). Let p be (-3 + 2)/(2/b). Let c(x) = 6*x - 5*x**2 - 2*x**2 + x**2 + x**p - 2. Give c(5).
3
Let s(k) = k**3 - 6*k**2 + 5*k + 4. Let b(u) = -u**3 + 9*u**2 + 12*u - 15. Let m be b(10). Calculate s(m).
4
Let l(w) be the second derivative of -w**3/3 - 3*w**2/2 - 9*w. Give l(-6).
9
Let z be -2*(-3 - (-3 - -1)). Let c(w) = -w**3 + 2*w - 2. What is c(z)?
-6
Let c(j) = -7*j. Suppose -5 = -2*v + n - 2, -2*v = n + 7. Calculate c(v).
7
Let l(x) be the third derivative of x**4/12 + x**3 + 7*x**2. What is l(-5)?
-4
Suppose 54 = 5*r + 49. Let a(b) be the first derivative of 0*b**2 - 10/3*b**3 + b + 1. Calculate a(r).
-9
Suppose 0*q + 5*q + 15 = 0. Let n be 2 - (1 - (-3)/q). Let a(i) be the third derivative of i**5/30 - i**4/24 - i**3/3 - i**2. What is a(n)?
4
Let n be 6/(-15) - 132/(-30). Let q(l) be the third derivative of l**4/8 - l**3/3 + l**2. Determine q(n).
10
Let z(d) = 7*d - 5. Let y(q) = -4*q + 3. Let l(p) = -10*y(p) - 6*z(p). Give l(3).
-6
Let p be -3 - (-7)/((-28)/(-48)). Suppose p*q = 5*q + 8. Let k(d) = 2*d - 1. Give k(q).
3
Let r(u) = 4*u - 1. Suppose 5*c - 4 = -14. Calculate r(c).
-9
Suppose 4*s + 24 = 3*w, -s - 2*w - 3*w = 6. Let v(x) = 5*x + 7. What is v(s)?
-23
Let n(d) = -d**3 - d**2 - d - 1. Let x(s) = -3*s**3 - 8*s**2 - 3*s - 1. Let b(q) = -2*n(q) + x(q). Give b(-5).
-19
Let v be (-4)/(-14)*(3 - -4). Let p(h) = 0 + v - h - h + 4. Determine p(4).
-2
Suppose -6 = 3*d - 6*d. Let y(s) = -2 - 4*s - 2*s**d + s**2 - s. Suppose 4*o + 6 = 2*o. What is y(o)?
4
Let p = 13 + -8. Suppose 0 = -3*o + 5*o. Let a(l) = -2 + 4 + 2 - 2*l + o. What is a(p)?
-6
Suppose -v = -19 - 26. Let r = v + -15. Let z be (4/6)/((-4)/r). Let j(h) = h**3 + 6*h**2 + 8*h + 4. Give j(z).
-11
Let v(o) be the second derivative of o**5/20 - o**3/6 + o**2/2 + o. Let t(r) be the second derivative of r**3/6 - r**2/2 + r. Let j be t(1). Calculate v(j).
1
Let c = 34 + -32. Suppose -4*z + 2 = -6. Let b(a) = z*a**2 - 2 + 0*a**2 - 3*a + 3. Give b(c).
3
Let j(b) = -3*b + 3. Let z = 0 + 2. Let r be j(z). Let w(v) = v**3 + 2*v**2. Give w(r).
-9
Let s = -42/31 - -1039/744. Let u(n) be the third derivative of -1/3*n**3 + 0 + s*n**4 + n**2 + 0*n. Determine u(1).
-1
Let z(c) = 8*c**3 - 2*c**2 - c. Let b = 24 - 30. Let t be (-4)/b*(-12)/8. What is z(t)?
-9
Let u(q) = q**3 + 3*q**2 + q + 1. Suppose z = 5*z + 12. Give u(z).
-2
Let q(l) = l - 4*l + l**3 - 2*l**3 - 6*l**2. Give q(-5).
-10
Suppose -5*c + 9 = -3*t - 8, 21 = 5*c + t. Let v(x) = 6*x - c*x**2 - 6 + 0*x**2 + 3*x**2. What is v(5)?
-1
Let w(v) be the second derivative of v**5/20 - v**4/2 + 5*v**3/6 + 3*v**2/2 + 10*v. What is w(5)?
3
Let r be -4 - (-108)/30 - 4/(-10). Let h(t) be the second derivative of 0*t**3 - 2*t**2 + 3*t + 1/20*t**5 + 1/12*t**4 + r. Determine h(0).
-4
Suppose 0 = 3*h - 0*h - 9. Suppose g - 3 = 2*x, -h*g = 3*x - 6*g + 3. Let d(n) = -n**3 - n - 1. What is d(x)?
9
Let t(v) = 18*v - 33*v + 14*v + 11. Give t(8).
3
Suppose -g + 8 = g. Let m(i) = 2*i - 4*i**2 + 8*i**2 - 5*i**2 - g. Give m(3).
-7
Let k(q) = q**2 - 14*q + 48. Let d be k(9). Let g(y) = -y**3 + 4*y**2 - 3*y + 4. What is g(d)?
4
Suppose 5*f = 3*f. Suppose -4*w - 7 - 21 = f. Let i(c) = c**3 + 7*c**2 + c + 10. Let o be i(w). Let z(u) = -u**3 + 3*u**2 - u. Determine z(o).
-3
Let a(r) = r**2 + r + 14. Suppose 0 = 3*t + t. Determine a(t).
14
Let h be 3 + (3 + 3)/2. Let j(u) = u + 7*u**2 - 8 + 0 - h*u - u**3. Calculate j(6).
-2
Let c(g) be the third derivative of g**4/24 + 2*g**3/3 - g**2. Let m(p) = p**3 - 5*p**2 - 6*p + 5. Suppose 7*n - 30 = 2*n. Let r be m(n). What is c(r)?
9
Let z(u) = -u**3 - 2*u**2 - 2*u - 2. Let h be z(-2). Suppose -n = -h*n + 4. Suppose 4*y - d = -28, -n*y + 3*y - 22 = -4*d. Let g(j) = j + 7. Calculate g(y).
1
Let x(h) = h**2 - 5*h - 3. Let u(r) = -r + 2. Let y be u(8). Let o = -2 - y. Suppose o*v - 12 = g + 12, 5*v = -2*g + 17. What is x(v)?
-3
Suppose -5*m = -16 + 1. Suppose 3*g - m*h = -9, 8 = -4*g + 3*h - 0. Let n be (-2 + g + 1)/1. Let p(d) = d**2 - d - 5. What is p(n)?
-5
Let a = -27899/60 - -465. Let x(g) be the third derivative of 2*g**2 + 0 - 1/3*g**3 + 0*g + a*g**5 + 5/24*g**4. Calculate x(-5).
-2
Let q(r) = -3*r - 1. Let l(f) = 5*f + 2. Let z(d) = 4*l(d) + 7*q(d). What is z(3)?
-2
Let t = -6 - -3. Let c = t + 5. Suppose c*j + 0 = 6. Let f(r) = -3*r + 1. Give f(j).
-8
Let c = -3 + 3. Let y(o) = o - 9. What is y(c)?
-9
Let w = -83/6 - -14. Let t(r) be the third derivative of -w*r**3 - r**2 + 1/24*r**4 - 1/120*r**6 + 0 + 0*r - 1/60*r**5. Calculate t(-2).
1
Let b(z) = z - 1. Let q(c) = -5*c - 9. Let d(f) = -6*b(f) - q(f). Give d(12).
3
Suppose -c + 4*j = -23, -2*c + 3*j + 0*j + 21 = 0. Let x(u) = -3*u**3 + 1 - 3*u + 5*u**2 - u**c + 5*u**3 - 2*u**3. Suppose 4 - 12 = -4*k. Determine x(k).
7
Let d be -3 - ((-1)/(-1))/1. Let x(l) = -l**2 - 7*l - 3. Give x(d).
9
Let k = -4 - -7. Let m(b) = -b + 0*b - 5 - 3*b + k*b. Let s be ((-5)/(-3))/(2/(-6)). Calculate m(s).
0
Let z be (4 - 4)*(-2)/4. Let i(n) be the third derivative of 1/12*n**4 + 0*n + z - n**2 - n**3. Calculate i(5).
4
Let w = -1 - -3. Let o(l) = 2*l - 13. Let s(j) = j - 12. Let i(c) = w*o(c) - 3*s(c). Suppose 0 = -8*g + 6*g - 12. Give i(g).
4
Let k(u) = 4*u**2 - 6*u**3 + 5*u**3 - 1 + 0*u**2 - 2*u. Let v be k(3). Suppose -2*a + f = 0, f - 1 = 5*a + v. Let r(n) = -5*n + 1. Calculate r(a).
6
Let i be (-1 - 19)*9/(-36). Let g(s) = s - 3. Determine g(i).
2